t k be -1*4/(12/(-9)). Let c be 2/3*(-36)/(-1). Suppose -s - c = -k*s. What are the prime factors of s?
2, 3
What are the prime factors of (0 - -2)/((-12)/(-78))?
13
Suppose 2*b + 9 = 5*b. Let s(c) = 2*c - 6. Let j be s(4). Suppose -b*h - j*h = -20. List the prime factors of h.
2
What are the prime factors of (-744)/(-14)*(-7)/(-2)?
2, 3, 31
List the prime factors of -3 - -4 - (2 - 158).
157
Suppose 0 = -r - r. Suppose r = 3*g - 75 - 33. What are the prime factors of g?
2, 3
Let i be (-4)/(-16) + 6/8. Suppose -4*z + 4*d = -i - 3, -4*d = 2*z - 20. List the prime factors of z.
2
Suppose -2*m + 148 + 406 = 0. What are the prime factors of m?
277
Let u = 3 - 5. Let w be (u + 2)*1/2. Suppose 6*y - 3*y - 18 = w. What are the prime factors of y?
2, 3
Let o be (-14)/(-6) + 3/(-9). What are the prime factors of o/3 + (-292)/(-12)?
5
Let p = -7 - -9. Suppose -3*s - p*k + 30 = 0, 6*k = 2*k. List the prime factors of s.
2, 5
Let t = 8 + -5. Suppose t*f - 163 + 46 = 0. List the prime factors of f.
3, 13
Let z = 56 + -20. Suppose 0*k = k + 2*s - 9, -s + z = 5*k. List the prime factors of k.
7
Let a = 22 - 20. Let j = a + 29. List the prime factors of j.
31
Let v(h) = -h**2 + 8*h - 9. Let u be v(7). Let q be u/(-9) + (-29)/9. Let w(a) = a**2 + a - 1. List the prime factors of w(q).
5
Let i(m) = -m**3 + 4*m**2 + 3*m + 2. What are the prime factors of i(3)?
2, 5
Suppose 2*c + 0 = 4. Suppose -n + 42 = c*n. List the prime factors of n.
2, 7
Suppose 0 = 3*i + p - 8, 4*i - 4*p - 22 + 6 = 0. What are the prime factors of i?
3
Let h(k) = k**2 + 10*k - 9. List the prime factors of h(-12).
3, 5
Let s(u) = -u**2 + 10*u - 9. Let j be s(9). Suppose -68 + 193 = 3*p - i, 4*p + 3*i - 158 = j. List the prime factors of p.
41
Suppose -5*v + 77 + 43 = 0. What are the prime factors of v?
2, 3
Let l = -4 + 17. Let x = 19 - l. What are the prime factors of x?
2, 3
Let u(b) = -b - 5. Let y(t) be the third derivative of -t**4/12 - 5*t**3/3 + 3*t**2. Let q(f) = 7*u(f) - 4*y(f). List the prime factors of q(0).
5
Suppose 4 = 2*z - 4*z, -3*z = 4*g - 102. Let w = g - 18. List the prime factors of (w/2 + 0)*2.
3
Suppose 0 = 3*l - g - 269, 2*l - 137 = 2*g + 49. What are the prime factors of l?
2, 11
Let k(l) = -l**2 - 4*l - 2. Let s be 3*(1 - 5/3). Let t be k(s). Suppose t*d - 8 = 4. What are the prime factors of d?
2, 3
Let x be 0/(-1) + -3*2. Let w = x + 4. Let m = 0 - w. List the prime factors of m.
2
Let s = 281 - 134. What are the prime factors of s?
3, 7
Let m(w) = w**2 - 5*w - 4. Let k be m(5). Let p(n) = 36*n + 36. Let s(f) = -7*f - 7. Let j(u) = 4*p(u) + 21*s(u). List the prime factors of j(k).
3
Let q be (-2 + (-20)/(-8))*38. Suppose -4*f + 10 = -2, -q = -p - f. List the prime factors of p.
2
Let x(p) = -4*p**3 + 10*p**2 + 7*p - 11. Let m(s) = 7*s**3 - 19*s**2 - 14*s + 21. Let k(u) = 3*m(u) + 5*x(u). List the prime factors of k(8).
2
What are the prime factors of 3/(-5) - (-1340)/25?
53
Let r(c) = 3*c**2 + 20*c - 11. What are the prime factors of r(-9)?
2, 13
Suppose 0 = 20*b - 22*b + 78. List the prime factors of b.
3, 13
Let o be 1/((-1)/(-1) + 0). Suppose -3*b - 6 + o = w, w - 3*b = 13. List the prime factors of w.
2
Suppose -d + 2*d = -2. Let i(f) be the first derivative of -f**2 - f - 3. What are the prime factors of i(d)?
3
Suppose r + 5*s = 6*r - 1275, 0 = 5*r - 2*s - 1290. What are the prime factors of r?
2, 5, 13
Let v(l) = l**3 - 2*l**2 + 3*l - 3. Let t be v(2). Suppose -5*w + 55 = n, 0 = -w + 2*n + 2*n - 10. List the prime factors of 2/((6/t)/w).
2, 5
Let c be 1 - 0/3 - -14. Suppose -4*m + 7*m = c. What are the prime factors of m?
5
Let o(p) = -p**3 - 8*p**2 - 2*p - 12. Let l be o(-8). Let f(r) = -r**3 + 4*r**2 + 3*r - 6. List the prime factors of f(l).
2, 3
Let g = 156 + -94. Suppose 2*b = -3*q - 0*b + g, 0 = -q + b + 29. What are the prime factors of q?
2, 3
What are the prime factors of ((-4)/2 + 64)*(-6)/(-12)?
31
Suppose -5*u = -i - u + 62, -3*u = 9. Suppose -5*m + z = -i, -4*z - 40 = -2*m - 2. What are the prime factors of m?
3
Suppose 6*y - 4*y - 48 = 0. List the prime factors of y.
2, 3
Let d(w) be the first derivative of w**3/3 - 9*w**2/2 - 8*w + 9. List the prime factors of d(10).
2
Let p = -7 + 5. Let w(m) = -m**3 - 3 - 2*m - m + m + 1. List the prime factors of w(p).
2, 5
Let y be (-1 - -2) + 0 + 3. Suppose 0*c = -y*c - 40. List the prime factors of c/(-3)*18/5.
2, 3
Suppose 4*p + 4*z - 19 = -p, -p = -2*z - 1. Let x be 2*p/(6/5). Suppose -2*h + x*h = 36. List the prime factors of h.
2, 3
Let x(v) = -10 + 4*v - 6*v + 0*v. What are the prime factors of x(-6)?
2
Let t(g) = -4*g - 5. Suppose 0 = 6*i - 4*i + 12. What are the prime factors of t(i)?
19
Let g(o) = o**2 - 7*o + 9. Let x be g(6). Suppose -3*y - 3*b = 2*y - 6, x*b = 4*y - 21. List the prime factors of y.
3
Let p(x) = -x**3 - 6*x**2 - 6*x - 3. Let l be p(-5). Suppose l*k - 6 = 2. List the prime factors of k.
2
Suppose -2*k + 285 = 3*k. List the prime factors of k.
3, 19
Let p(y) = y**3 - 2*y + 1. Let a be p(-2). Let o(d) = -d**3 - 3*d**2 - 5*d - 3. List the prime factors of o(a).
2, 3
Suppose 3 = 3*l - 6. List the prime factors of l.
3
Let t(p) = 149*p**2 - 1. List the prime factors of t(-1).
2, 37
Suppose 0 = 3*d + 3*n - 69, 2*d + d + 4*n = 73. What are the prime factors of d?
19
Suppose 2*g + 3*d = -0*d + 7, 6 = g + 4*d. Suppose -g*x + 4*x = 36. What are the prime factors of x?
2, 3
Let j = 2 - 0. Suppose 0*x - j = x, -4*w + 4*x = -12. List the prime factors of w/(2/18*3).
3
Let q(m) = 5*m**2 + 2*m - 1. Let t be q(-2). Suppose 3*g - a = -4*a - t, -4*g = -4*a - 20. Let o = g + 2. What are the prime factors of o?
2
Let f(r) = 3*r**2 + 3*r + 3. Let u be f(-3). Let o = 22 - 32. Let d = u + o. List the prime factors of d.
11
Let n be -3 - (0 + 1 + -36). Let w = n - 20. What are the prime factors of w?
2, 3
Suppose -v - 33 = -4*v. Let t(m) = -m**2 + 13*m + 5. List the prime factors of t(v).
3
Let u = 4 - 0. Suppose -u*p = -8*p + 120. Suppose 4*v + v - p = 0. List the prime factors of v.
2, 3
Let s = -9 - -9. Let w(d) = 0 + d**2 + s - 2*d**2 + 7*d + 4. List the prime factors of w(6).
2, 5
Suppose -z + 7 = -2*u, -2*u - u = -3*z + 9. List the prime factors of (40/(-3) - u)*-3.
2, 7
Let t be (-1)/5 + 520/(-25). Let z = t + 37. List the prime factors of z.
2
Suppose 0 = -5*p + l + 262, -171 = -3*p - 0*l - 4*l. What are the prime factors of p?
53
Let z(r) = -3*r + 5. Let v be z(6). Let x(n) = 10*n**2 - 3*n. Let t be x(2). Let l = v + t. List the prime factors of l.
3, 7
Let h(c) = 2*c - 3 - 4*c - 6*c - 13*c**2 + 4*c. Let a be h(-2). What are the prime factors of 2/8 - a/4?
2, 3
Let m be -3 + 0 + 2 - -126. Suppose 5*o + 0*o - m = 0. List the prime factors of o.
5
Let v = 12 - -163. What are the prime factors of v?
5, 7
Let y be (-4)/14 + 135/7. Let i = y - 5. What are the prime factors of i?
2, 7
Let l = 82 + -21. What are the prime factors of l?
61
Suppose 0 = 5*x + c + 5 - 35, 0 = -4*x + 4*c. Suppose 0 = -3*s + q + 2*q + 63, -x*s = -3*q - 109. List the prime factors of s.
23
What are the prime factors of (4/3)/((-2)/(-60))?
2, 5
Suppose -3*x + 6*x = 9. Let a(l) = l**2 - 2. Let i be a(4). Suppose c + 0*c - 3*b - i = 0, 22 = x*c + b. List the prime factors of c.
2
Let i(q) = -q**2 - 12*q - 9. Let r be (3/(-2))/(3/(-6)). Let o = r - 13. What are the prime factors of i(o)?
11
Let p(n) = n**3 - 6*n**2 - 5*n - 4. Let o(q) = 2*q - 7. Let w be o(7). Let f be p(w). Suppose -s - 2 = -0*s, 0 = 2*m + 3*s - f. List the prime factors of m.
2
Suppose -2*o + 3*o = 7. Let b = o + -8. List the prime factors of 1 + b/(-1) - -2.
2
Let x = -6 + 8. Suppose x*d + 0 = 4. Suppose -2*r + 5*w = d*w - 18, 5*r = -3*w + 45. List the prime factors of r.
3
Suppose -g + 2*h = -3*g + 6, 0 = 5*g + 2*h - 21. List the prime factors of g.
5
Suppose -4*z = -5*z + 2, 2*x + 4*z - 2 = 0. Let q(h) = 2*h**2 - 3*h - 3. Let r be q(x). Let a = r + -16. What are the prime factors of a?
2
Suppose -5*f - 36 = -3*d, 0 = 3*d + 2*f - f - 36. List the prime factors of ((-136)/12)/((-8)/d).
17
Let k = 145 + 84. List the prime factors of k.
229
List the prime factors of (22 - -2 - -4)/2.
2, 7
Let n = 1 - 2. Let h(z) = z**2 - 4*z**3 + 0*z + 0*z**2 + 1 + z. List the prime factors of h(n).
5
Suppose -54 - 81 = -5*z. What are the prime factors of z?
3
Suppose 3*m 